{"id":1750,"date":"2024-11-30T01:13:02","date_gmt":"2024-11-30T00:13:02","guid":{"rendered":"https:\/\/lesfeesdulogis.com\/?page_id=1750"},"modified":"2025-11-11T23:49:34","modified_gmt":"2025-11-11T22:49:34","slug":"1750-2","status":"publish","type":"page","link":"https:\/\/lesfeesdulogis.com\/index.php\/1750-2\/","title":{"rendered":"auto"},"content":{"rendered":"\n<!DOCTYPE html>\n<html lang=\"fr\">\n<head>\n  <meta charset=\"UTF-8\">\n  <title>Annuaire des Auto-Entrepreneurs<\/title>\n  <meta name=\"viewport\" content=\"width=device-width, initial-scale=1.0\">\n  <style>\n    :root {\n      --violet: #6a1b9a;\n      --violet-light: #f4ecfb;\n      --bg: #f4f4f9;\n    }\n\n    body {\n      font-family: Arial, sans-serif;\n      margin: 0;\n      padding: 0;\n      background-color: var(--bg);\n      color: #333;\n    }\n\n    header {\n      background-color: var(--violet);\n      color: white;\n      text-align: center;\n      padding: 1.3rem 1rem;\n      box-shadow: 0 2px 5px rgba(0,0,0,0.15);\n    }\n\n    header h1 {\n      margin: 0;\n      font-size: clamp(1.9rem, 3vw, 2.2rem);\n    }\n\n    .container {\n      max-width: 1200px;\n      margin: 20px auto 40px;\n      padding: 20px;\n      background-color: #fff;\n      box-shadow: 0 2px 5px rgba(0,0,0,0.1);\n      border-radius: 10px;\n    }\n\n    .section-title {\n      text-align: center;\n      margin-bottom: 20px;\n      color: var(--violet);\n      font-size: 1.7rem;\n      font-weight: bold;\n    }\n\n    .section-description {\n      text-align: center;\n      margin-bottom: 20px;\n      color: #555;\n    }\n\n    \/* Recherche *\/\n    .search-container {\n      background-color: #fff;\n      padding: 20px;\n      border: 1px solid #eee;\n      border-radius: 10px;\n      box-shadow: 0 2px 4px rgba(0,0,0,0.03);\n      margin-bottom: 25px;\n    }\n\n    .search-container label {\n      display: block;\n      margin-bottom: 6px;\n      font-weight: bold;\n      color: var(--violet);\n    }\n\n    .search-container input,\n    .search-container select {\n      width: 100%;\n      padding: 10px;\n      margin-bottom: 14px;\n      border: 1px solid #ddd;\n      border-radius: 4px;\n    }\n\n    .search-container button {\n      background-color: var(--violet);\n      color: #fff;\n      border: none;\n      padding: 10px 15px;\n      border-radius: 4px;\n      cursor: pointer;\n      font-size: 1rem;\n      width: 100%;\n    }\n\n    .search-container button:hover {\n      background-color: #7b1fa2;\n    }\n\n    \/* Annonces *\/\n    .annonces {\n      display: flex;\n      flex-wrap: wrap;\n      gap: 20px;\n      justify-content: flex-start;\n    }\n\n    .annonce {\n      width: 300px;\n      border: 1px solid #eee;\n      border-radius: 10px;\n      overflow: hidden;\n      background-color: #fff;\n      box-shadow: 0 2px 4px rgba(0,0,0,0.04);\n    }\n\n    .annonce img {\n      width: 100%;\n      height: 180px;\n      object-fit: cover;\n      background: #ddd;\n    }\n\n    .annonce .details {\n      padding: 15px;\n    }\n\n    .annonce .details h3 {\n      margin: 0;\n      font-size: 1.1rem;\n      color: var(--violet);\n    }\n\n    .annonce .details p {\n      margin: 8px 0;\n      color: #555;\n      font-size: 0.9rem;\n    }\n\n    .annonce .details span {\n      font-weight: bold;\n      color: #333;\n    }\n\n    .annonce .details button {\n      background-color: var(--violet);\n      color: #fff;\n      border: none;\n      padding: 8px 12px;\n      border-radius: 4px;\n      cursor: pointer;\n      font-size: 0.9rem;\n      width: 100%;\n    }\n\n    .annonce .details button:hover {\n      background-color: #7b1fa2;\n    }\n\n    \/* Formulaire d'inscription (envoi JotForm) *\/\n    form {\n      margin-top: 30px;\n      background: #faf7ff;\n      padding: 20px;\n      border: 1px solid #eee;\n      border-radius: 10px;\n      box-shadow: 0 2px 4px rgba(0,0,0,0.03);\n    }\n\n    form label {\n      display: block;\n      margin-bottom: 6px;\n      font-weight: bold;\n      color: var(--violet);\n    }\n\n    form input,\n    form textarea,\n    form select {\n      width: 100%;\n      padding: 10px;\n      margin-bottom: 14px;\n      border: 1px solid #ddd;\n      border-radius: 4px;\n    }\n\n    form textarea {\n      resize: vertical;\n      min-height: 120px;\n    }\n\n    form button {\n      background-color: var(--violet);\n      color: white;\n      padding: 10px 15px;\n      border: none;\n      border-radius: 4px;\n      cursor: pointer;\n      width: 100%;\n      font-size: 1rem;\n    }\n\n    form button:hover {\n      background-color: #7b1fa2;\n    }\n\n    \/* Paiement *\/\n    .payment-section {\n      margin-top: 35px;\n      text-align: center;\n      background: #fff;\n      border-radius: 10px;\n      padding: 20px;\n      border: 1px solid #eee;\n    }\n\n    .payment-section h3 {\n      color: var(--violet);\n      margin-top: 0;\n    }\n\n    .payment-section p {\n      color: #555;\n    }\n\n    .payment-section .paypal-button {\n      display: inline-block;\n      background-color: #6a1b9a;\n      padding: 12px 30px;\n      border-radius: 8px;\n      font-size: 1.05rem;\n      cursor: pointer;\n      color: white;\n      text-decoration: none;\n      font-weight: bold;\n      margin-top: 10px;\n    }\n\n    .payment-section .paypal-button:hover {\n      background-color: #7b1fa2;\n    }\n\n    \/* Mots-cl\u00e9s cach\u00e9s *\/\n    .seo-hidden {\n      display: none;\n    }\n\n    @media (max-width: 768px) {\n      .annonces {\n        flex-direction: column;\n        align-items: center;\n      }\n      .annonce {\n        width: 100%;\n        max-width: 420px;\n      }\n      .search-container button {\n        width: 100%;\n      }\n    }\n  <\/style>\n<\/head>\n<body>\n\n<header>\n  <h1>Annuaire des Auto-Entrepreneurs<\/h1>\n<\/header>\n\n<div class=\"container\">\n\n  <!-- Recherche Auto-Entrepreneur -->\n  <h2 class=\"section-title\">Recherchez un Auto-Entrepreneur<\/h2>\n  <p class=\"section-description\">\n    Trouvez un professionnel pr\u00e8s de chez vous : bien-\u00eatre, travaux, services \u00e0 la personne, artisanat\u2026\n  <\/p>\n  <div class=\"search-container\">\n    <form action=\"#\" method=\"GET\">\n      <label for=\"recherche-categorie\">Cat\u00e9gorie :<\/label>\n      <select id=\"recherche-categorie\" name=\"recherche-categorie\" required>\n        <option value=\"\">Choisissez une cat\u00e9gorie<\/option>\n        <option value=\"bien-etre\">Bien-\u00eatre<\/option>\n        <option value=\"soins\">Soins<\/option>\n        <option value=\"hypnose\">Hypnose<\/option>\n        <option value=\"yoga\">Yoga<\/option>\n        <option value=\"esthetique\">Esth\u00e9tique<\/option>\n        <option value=\"peintre\">Peintre<\/option>\n        <option value=\"aide-soignant\">Aide-soignant<\/option>\n        <option value=\"jardinier\">Jardinier<\/option>\n        <option value=\"plombier\">Plombier<\/option>\n        <option value=\"electricien\">\u00c9lectricien<\/option>\n        <option value=\"coach\">Coach personnel<\/option>\n        <option value=\"nutrition\">Nutritionniste<\/option>\n        <option value=\"massage\">Massage<\/option>\n        <option value=\"couture\">Couturier<\/option>\n        <option value=\"garde-enfant\">Garde d&#8217;enfants<\/option>\n        <option value=\"aide-menagere\">Aide m\u00e9nag\u00e8re<\/option>\n        <option value=\"reparateur\">R\u00e9parateur \u00e9lectronique<\/option>\n        <option value=\"relooking\">Relooking<\/option>\n        <option value=\"photographe\">Photographe<\/option>\n        <option value=\"psychologue\">Psychologue<\/option>\n        <option value=\"comptable\">Comptable<\/option>\n        <option value=\"informatique\">Services informatiques<\/option>\n        <option value=\"transport\">Transport<\/option>\n        <option value=\"autre\">Autre<\/option>\n      <\/select>\n\n      <label for=\"recherche-departement\">D\u00e9partement :<\/label>\n      <input type=\"text\" id=\"recherche-departement\" name=\"recherche-departement\" placeholder=\"Ex : Haute-Savoie\" required>\n\n      <label for=\"recherche-code-postal\">Code Postal :<\/label>\n      <input type=\"text\" id=\"recherche-code-postal\" name=\"recherche-code-postal\" placeholder=\"Ex : 74000\" required>\n\n      <button type=\"submit\">Rechercher<\/button>\n    <\/form>\n  <\/div>\n\n  <!-- Annonces -->\n  <h2 class=\"section-title\">Annonces des Auto-Entrepreneurs<\/h2>\n  <div class=\"annonces\">\n    <div class=\"annonce\">\n      <img decoding=\"async\" src=\"https:\/\/via.placeholder.com\/300x180?text=Auto-entrepreneur\" alt=\"Service d'auto-entrepreneur\">\n      <div class=\"details\">\n        <h3>Service de M\u00e9nage<\/h3>\n        <p><span>Nom :<\/span> Marie Dupont<\/p>\n        <p><span>Tarif :<\/span> 30 \u20ac \/ heure<\/p>\n        <p>Je propose des services de m\u00e9nage, nettoyage et entretien de votre domicile.<\/p>\n        <button>Voir le profil<\/button>\n      <\/div>\n    <\/div>\n    <!-- Dupliquer ce bloc pour afficher d'autres annonces -->\n  <\/div>\n\n  <!-- Formulaire d'Inscription vers JotForm -->\n  <h2 class=\"section-title\" style=\"margin-top:35px;\">Inscrivez-vous en tant qu&#8217;Auto-Entrepreneur<\/h2>\n  <p class=\"section-description\">Le formulaire ci-dessous envoie vos infos directement vers notre fiche d\u2019inscription.<\/p>\n\n  <!-- IMPORTANT : on envoie vers ton JotForm -->\n  <form action=\"https:\/\/form.jotform.com\/240386320340345\" method=\"post\" target=\"_blank\">\n    <label for=\"nom\">Nom complet :<\/label>\n    <input type=\"text\" id=\"nom\" name=\"nom\" placeholder=\"Votre nom complet\" required>\n\n    <label for=\"email\">Email :<\/label>\n    <input type=\"email\" id=\"email\" name=\"email\" placeholder=\"Votre adresse email\" required>\n\n    <label for=\"telephone\">T\u00e9l\u00e9phone :<\/label>\n    <input type=\"text\" id=\"telephone\" name=\"telephone\" placeholder=\"Votre num\u00e9ro de t\u00e9l\u00e9phone\" required>\n\n    <label for=\"categorie\">Cat\u00e9gorie de service :<\/label>\n    <select id=\"categorie\" name=\"categorie\" required>\n      <option value=\"\">Choisissez une cat\u00e9gorie<\/option>\n      <option value=\"Bien-\u00eatre\">Bien-\u00eatre<\/option>\n      <option value=\"Soins\">Soins<\/option>\n      <option value=\"Hypnose\">Hypnose<\/option>\n      <option value=\"Yoga\">Yoga<\/option>\n      <option value=\"Esth\u00e9tique\">Esth\u00e9tique<\/option>\n      <option value=\"Peintre\">Peintre<\/option>\n      <option value=\"Aide-soignant\">Aide-soignant<\/option>\n      <option value=\"Jardinier\">Jardinier<\/option>\n      <option value=\"Plombier\">Plombier<\/option>\n      <option value=\"\u00c9lectricien\">\u00c9lectricien<\/option>\n      <option value=\"Coach personnel\">Coach personnel<\/option>\n      <option value=\"Nutritionniste\">Nutritionniste<\/option>\n      <option value=\"Massage\">Massage<\/option>\n      <option value=\"Couturier\">Couturier<\/option>\n      <option value=\"Garde d'enfants\">Garde d&#8217;enfants<\/option>\n      <option value=\"Aide m\u00e9nag\u00e8re\">Aide m\u00e9nag\u00e8re<\/option>\n      <option value=\"R\u00e9parateur \u00e9lectronique\">R\u00e9parateur \u00e9lectronique<\/option>\n      <option value=\"Relooking\">Relooking<\/option>\n      <option value=\"Photographe\">Photographe<\/option>\n      <option value=\"Psychologue\">Psychologue<\/option>\n      <option value=\"Comptable\">Comptable<\/option>\n      <option value=\"Informatique\">Services informatiques<\/option>\n      <option value=\"Transport\">Transport<\/option>\n      <option value=\"Autre\">Autre<\/option>\n    <\/select>\n\n    <label for=\"description\">Description du service :<\/label>\n    <textarea id=\"description\" name=\"description\" placeholder=\"D\u00e9crivez votre service (zone g\u00e9ographique, sp\u00e9cialit\u00e9, exp\u00e9rience)\u2026\" required><\/textarea>\n\n    <button type=\"submit\">Envoyer mon inscription<\/button>\n  <\/form>\n\n  <!-- Paiement -->\n  <div class=\"payment-section\">\n    <h3>Valider votre inscription<\/h3>\n    <p>Frais de mise en avant : <strong>30 \u20ac pour 2 mois<\/strong> dans l&#8217;annuaire.<\/p>\n    <a href=\"https:\/\/www.paypal.com\/cgi-bin\/webscr?cmd=_s-xclick&#038;hosted_button_id=VOTRE_ID_PAYPAL\" class=\"paypal-button\">\n      Payer avec PayPal\n    <\/a>\n    <p style=\"font-size:0.8rem; color:#777; margin-top:10px;\">\n      Votre annonce sera publi\u00e9e apr\u00e8s confirmation du paiement.\n    <\/p>\n  <\/div>\n\n  <!-- Mots-cl\u00e9s utiles mais masqu\u00e9s -->\n  <div class=\"seo-hidden\">\n    annuaire auto-entrepreneur, prestataire local, services \u00e0 domicile, bien-\u00eatre annecy, artisan haute-savoie, coiffure \u00e0 domicile, esth\u00e9tique, travaux maison, auto entrepreneur m\u00e9nage\n  <\/div>\n\n<\/div>\n\n<\/body>\n<\/html>\n\n","protected":false},"excerpt":{"rendered":"<p>Annuaire des Auto-Entrepreneurs Annuaire des Auto-Entrepreneurs Recherchez un Auto-Entrepreneur Trouvez un professionnel pr\u00e8s de chez vous : bien-\u00eatre, travaux, services \u00e0 la personne, artisanat\u2026 Cat\u00e9gorie : Choisissez une cat\u00e9gorieBien-\u00eatreSoinsHypnoseYogaEsth\u00e9tiquePeintreAide-soignantJardinierPlombier\u00c9lectricienCoach personnelNutritionnisteMassageCouturierGarde d&#8217;enfantsAide m\u00e9nag\u00e8reR\u00e9parateur \u00e9lectroniqueRelookingPhotographePsychologueComptableServices informatiquesTransportAutre D\u00e9partement : Code Postal : Rechercher Annonces des Auto-Entrepreneurs Service de M\u00e9nage Nom : Marie Dupont Tarif : 30 \u20ac \/ [&hellip;]<\/p>\n","protected":false},"author":1,"featured_media":0,"parent":0,"menu_order":0,"comment_status":"closed","ping_status":"closed","template":"","meta":{"content-type":"","footnotes":""},"class_list":["post-1750","page","type-page","status-publish","hentry"],"_links":{"self":[{"href":"https:\/\/lesfeesdulogis.com\/index.php\/wp-json\/wp\/v2\/pages\/1750","targetHints":{"allow":["GET"]}}],"collection":[{"href":"https:\/\/lesfeesdulogis.com\/index.php\/wp-json\/wp\/v2\/pages"}],"about":[{"href":"https:\/\/lesfeesdulogis.com\/index.php\/wp-json\/wp\/v2\/types\/page"}],"author":[{"embeddable":true,"href":"https:\/\/lesfeesdulogis.com\/index.php\/wp-json\/wp\/v2\/users\/1"}],"replies":[{"embeddable":true,"href":"https:\/\/lesfeesdulogis.com\/index.php\/wp-json\/wp\/v2\/comments?post=1750"}],"version-history":[{"count":8,"href":"https:\/\/lesfeesdulogis.com\/index.php\/wp-json\/wp\/v2\/pages\/1750\/revisions"}],"predecessor-version":[{"id":2544,"href":"https:\/\/lesfeesdulogis.com\/index.php\/wp-json\/wp\/v2\/pages\/1750\/revisions\/2544"}],"wp:attachment":[{"href":"https:\/\/lesfeesdulogis.com\/index.php\/wp-json\/wp\/v2\/media?parent=1750"}],"curies":[{"name":"wp","href":"https:\/\/api.w.org\/{rel}","templated":true}]}}